ctor of 687732 and 20817?
771
What is the highest common factor of 1565912920 and 286?
286
Calculate the greatest common factor of 21450 and 1275.
75
What is the greatest common divisor of 102292984 and 6704?
3352
What is the greatest common divisor of 10762224 and 2329008?
5808
Calculate the greatest common factor of 328 and 161345332.
164
Calculate the greatest common divisor of 32641350 and 350.
350
What is the highest common divisor of 726 and 33447909?
363
What is the highest common divisor of 9116482 and 1354?
1354
What is the highest common factor of 240141890 and 20?
10
What is the highest common factor of 184 and 106631864?
184
Calculate the greatest common divisor of 1752457 and 19.
1
Calculate the greatest common factor of 52 and 458231917.
13
What is the highest common factor of 65586285 and 1830?
915
What is the greatest common divisor of 38332999 and 148?
37
What is the greatest common factor of 41055 and 58343847?
1173
Calculate the highest common factor of 104304258 and 80274.
4722
What is the greatest common factor of 1149 and 9050673?
1149
Calculate the highest common factor of 140529092 and 228.
76
What is the highest common factor of 7018344 and 19260?
3852
Calculate the highest common factor of 184 and 124798.
46
Calculate the highest common divisor of 135 and 5358745.
5
What is the highest common factor of 2844824 and 46?
46
What is the highest common divisor of 376690 and 29885?
695
What is the greatest common divisor of 1520 and 119130?
190
Calculate the greatest common divisor of 56 and 5359168.
8
What is the greatest common factor of 616 and 3042600?
88
What is the highest common factor of 35 and 252052332?
7
Calculate the highest common divisor of 2484 and 36087.
69
What is the greatest common divisor of 2971 and 33189041?
2971
What is the greatest common divisor of 2016 and 3217648?
112
What is the highest common divisor of 77666239 and 161?
161
Calculate the greatest common factor of 23 and 7030709.
23
Calculate the greatest common factor of 181670 and 1540.
10
Calculate the greatest common divisor of 983088 and 12752.
16
Calculate the highest common factor of 1263726 and 378.
18
What is the greatest common factor of 15722625 and 375?
375
Calculate the greatest common factor of 560228295 and 11825.
2365
What is the highest common divisor of 1157704 and 5076?
188
Calculate the highest common divisor of 6772 and 160215362.
3386
What is the greatest common divisor of 24747318 and 354?
6
Calculate the greatest common factor of 411 and 3309783.
411
Calculate the greatest common factor of 3995 and 1409215.
85
Calculate the greatest common divisor of 81 and 11421540.
27
Calculate the greatest common divisor of 629231685 and 258.
129
What is the highest common factor of 6183 and 103518?
27
What is the highest common divisor of 17788 and 892?
4
What is the highest common factor of 12 and 12668556?
12
Calculate the highest common divisor of 9315847 and 173213.
7531
What is the greatest common divisor of 6336286 and 1210?
242
Calculate the greatest common divisor of 39936 and 54028.
52
Calculate the highest common divisor of 19279 and 7592.
13
What is the highest common divisor of 102060 and 87678?
18
Calculate the highest common divisor of 67 and 2085085091.
67
What is the highest common divisor of 94455195 and 94?
47
What is the greatest common factor of 295806401 and 1089?
121
What is the highest common divisor of 76748 and 42?
14
What is the highest common divisor of 148 and 336869164?
148
Calculate the highest common factor of 74 and 52870373.
37
What is the greatest common factor of 5185 and 9666365?
305
Calculate the highest common divisor of 5250 and 6896450.
50
What is the highest common divisor of 2544 and 81609792?
48
Calculate the greatest common divisor of 110124 and 810882.
342
What is the greatest common factor of 122949 and 4275?
171
Calculate the greatest common factor of 467 and 16359944.
467
Calculate the highest common factor of 14 and 14107730.
14
What is the greatest common factor of 1943602 and 37430?
394
Calculate the greatest common divisor of 4844518 and 5194.
742
What is the highest common divisor of 1423155 and 2499?
51
Calculate the highest common factor of 707184 and 1512.
216
What is the highest common divisor of 158030118 and 36?
18
Calculate the highest common factor of 49702 and 50.
2
Calculate the greatest common divisor of 3331221 and 333.
111
Calculate the highest common divisor of 6497220 and 1140.
60
What is the highest common divisor of 1347552 and 208?
16
What is the greatest common divisor of 47920080 and 32240?
1040
What is the greatest common factor of 7474 and 112918?
202
What is the greatest common divisor of 104926602 and 4407?
339
Calculate the greatest common divisor of 767374 and 1116.
62
What is the greatest common factor of 14910177 and 876?
219
What is the highest common divisor of 1758504 and 1152?
24
Calculate the greatest common factor of 170571 and 239.
1
What is the highest common divisor of 226423800 and 3600?
1800
What is the greatest common divisor of 3578 and 33799577?
1789
What is the highest common factor of 2288598 and 159393?
2379
What is the highest common factor of 30 and 8433810?
30
Calculate the greatest common divisor of 44618513 and 15311.
251
Calculate the highest common factor of 578677092 and 35.
7
Calculate the highest common factor of 8432 and 255936.
496
Calculate the highest common factor of 161037 and 455967.
261
What is the greatest common divisor of 444 and 3373364?
148
What is the greatest common divisor of 35271825 and 1005?
15
What is the greatest common divisor of 200850 and 19337838?
8034
What is the highest common divisor of 194 and 542618?
194
What is the greatest common divisor of 2662488 and 888?
24
Calculate the greatest common divisor of 17112370 and 2.
2
What is the highest common factor of 30987 and 2016036?
99
Calculate the greatest common divisor of 108 and 3489132.
12
Calculate the highest common divisor of 161995583 and 5846.
2923
Calculate the greatest common factor of 2312 and 1001421992.
2312
Calculate the highest common factor of 59780 and 969900.
1220
What is the greatest common divisor of 149 and 43609171?
149
Calculate the highest common factor of 2232 and 16541848.
248
Calculate the highest common divisor of 268964 and 37164.
76
Calculate the greatest common factor of 30 and 53149215.
15
Calculate the highest common divisor of 4397745 and 363.
363
Calculate the highest common factor of 14215823 and 1732.
433
What is the highest common factor of 404612 and 368342?
806
What is the highest common factor of 614847 and 147414?
933
What is the highest common divisor of 27728687 and 469?
469
What is the greatest common divisor of 129042 and 8560?
214
What is the highest common divisor of 605 and 144701645?
55
What is the greatest common factor of 963840 and 26355?
3765
Calculate the highest common divisor of 23552 and 104277952.
1472
What is the greatest common factor of 128180476 and 68?
68
What is the greatest common divisor of 722973 and 6837?
159
What is the highest common divisor of 4370 and 20021155?
2185
What is the greatest common divisor of 97024770 and 1161?
1161
What is the greatest common factor of 377 and 5939809?
29
Calculate the highest common factor of 406537 and 439951.
5569
Calculate the greatest common divisor of 2778 and 5802.
6
What is the greatest common factor of 73370611 and 524?
131
Calculate the highest common divisor of 1804 and 1848403.
41
Calculate the highest common divisor of 2940 and 18718980.
2940
What is the greatest common factor of 11696 and 3190016?
272
Calculate the greatest common factor of 56889 and 2125791.
1161
What is the highest common factor of 76802142 and 798?
114
What is the greatest common factor of 1815 and 3693015?
15
What is the highest common factor of 7903 and 10836142?
1129
What is the greatest common divisor of 9776269 and 4280?
107
Calculate the greatest common factor of 43378800 and 2960.
2960
What is the greatest common factor of 597371 and 1247?
29
Calculate the highest common divisor of 50400 and 73085.
5
What is the greatest common divisor of 28619094 and 49?
7
Calculate the highest common factor of 55986250 and 1500.
250
Calculate the highest common factor of 1